 -1. Suppose -4*c = -0*b - b - 21, 0 = -4*c + l*b + 41. Suppose 4*q + 2*a = 5*q, -5*a - 6 = -c*q. What is the remainder when 11 is divided by q?
3
Let u = 2 + 9. Suppose -2*x + 4*x + 1260 = 0. What is the remainder when x/20*(-2)/3 is divided by u?
10
Let n = 15 - -7. Calculate the remainder when 86 is divided by n.
20
Let k be (-2 + 36/15)*5. Let z(p) = -1 - 4*p - p**3 + 5*p**k + 2*p**3 - 2 + 0*p**3. What is the remainder when 31 is divided by z(-5)?
14
Suppose -3 = n, -g - 4*n + 0 = 4. Let x = 20 - g. What is the remainder when 11/3*(5 + 1) is divided by x?
10
Let x = -29 - -43. Let m = 3 + 34. Calculate the remainder when m is divided by x - (2*1)/2.
11
Suppose 10 - 25 = -3*f. Let p = f + -3. Calculate the remainder when 4 is divided by p.
0
Let g(d) = -d - 6. Let z be -3*1*9/3. Calculate the remainder when (-4)/(-14) - (-99)/21 is divided by g(z).
2
Suppose -10*d + 40 = -5*d. Calculate the remainder when 27 is divided by d.
3
Calculate the remainder when 269 is divided by 4/(-18) - -1*(-620)/(-36).
14
Let o be 19*2 + (-7 - -6). Suppose o + 11 = 4*b. What is the remainder when b is divided by 5?
2
What is the remainder when (25/(-3))/(3/(-9)) is divided by 2/(-4) + 135/18?
4
Let n(l) = 4*l**3 - 2*l**2 + l - 7. Let j(i) = i**3 - i**2 - 1. Let f(u) = 5*j(u) - n(u). What is the remainder when f(4) is divided by 5?
4
Let x = 82 + -32. Suppose v = 3*a + 2*a + 29, -v - 5*a - 21 = 0. Suppose 60 = v*o - 44. Calculate the remainder when x is divided by o.
24
Suppose -y + 85 = 4*y. Calculate the remainder when y is divided by 2/7 + 732/84.
8
Suppose -20*i = -15*i - 385. Calculate the remainder when i is divided by 16.
13
Suppose -4*l = -3*g + 244, 2*g - 93 = 2*l + 73. Suppose -4*u = 20 - g. What is the remainder when u is divided by 5?
2
Let c = -1 + 4. Suppose 0 = 6*h - c*h - 72. Calculate the remainder when 71 is divided by h.
23
Let m(d) = d**2 - 3*d + 5. What is the remainder when 111 is divided by m(-3)?
19
Let j be (-160)/12*6/5. Let a = j + 33. What is the remainder when a is divided by 6?
5
What is the remainder when 1470/22 - (-22)/121 is divided by 23?
21
Suppose -3*a + 3 = -6. Suppose 0 = -8*q + a*q - 15. What is the remainder when 1*(1 + q) + 12 is divided by 4?
2
Let b(m) = 2*m**3 - 3*m**2 + m + 2. Let t = 22 + -7. Calculate the remainder when t is divided by b(2).
7
Let y = 0 - -3. Let x(d) = -5*d + d + 4 + d**2 + 0*d. Calculate the remainder when x(5) is divided by y.
0
Let y(b) = -24*b**3 - b. What is the remainder when y(-1) is divided by 4?
1
Calculate the remainder when 136 is divided by ((-5 - -2) + 26)*(1 - 0).
21
Let d(p) = p**3 - 2*p**2 - 9*p - 4. Let h(b) = 16*b - 3. What is the remainder when h(5) is divided by d(5)?
25
Let q = 3 + 2. Let a(c) = c**2 - 2*c - 6. Calculate the remainder when 4/(-6) + 77/3 is divided by a(q).
7
Let d be 45/12 + 1/4. Suppose d*n = 3 + 5. Suppose v = -n*l + 5, 0 = 4*l - 6*l + 4*v + 10. Calculate the remainder when 8 is divided by l.
2
Suppose 4*w - 17 = 4*c - 5, -4*w - c = -12. Suppose -5*h + 4*g = -204, -5*g + 64 = -2*h + w*h. Calculate the remainder when h is divided by 23.
21
Let a = 12 - -12. Calculate the remainder when 44 is divided by a.
20
Suppose 4*k = -k + 5. Suppose -k = 2*a - 7. Calculate the remainder when 5 is divided by a.
2
Let o(i) = -18*i**3 + i**2 - 2. Calculate the remainder when 67 is divided by o(-1).
16
Let f = 52 + -26. Calculate the remainder when f is divided by 14.
12
Suppose -56 = -2*v + i + 39, 5*v - i = 245. Calculate the remainder when 143 is divided by v.
43
Suppose p = -0*p + 12. Let n = p + 17. What is the remainder when 85 is divided by n?
27
Let k = -26 - -87. What is the remainder when k is divided by 16?
13
Let m be (-3 + 0)/((-9)/6). Let b be 0/(-2) - (3 + 1)*-6. Suppose 0 = m*r - 6*r + b. What is the remainder when 10 is divided by r?
4
Let r(s) be the first derivative of s**3/3 + 2*s**2 - 6*s - 1. What is the remainder when 43 is divided by r(-7)?
13
Let j = 24 + -14. What is the remainder when 18 is divided by j?
8
Let j be 5/(15/9) - -1. Suppose -4*x + 5*x = -j*h - 88, 2*h + 2*x + 44 = 0. Let v = -16 - h. What is the remainder when 21 is divided by v?
3
Suppose -5*u - 30 = -10*u. What is the remainder when 29 is divided by u?
5
Let d = 11 - 2. Calculate the remainder when d is divided by 4.
1
Suppose -5*h - f + 28 = -36, -16 = -3*h + 5*f. What is the remainder when 23 is divided by h?
11
Let t = -117 + 186. What is the remainder when t is divided by 18?
15
Suppose 14*c - 67 = 199. What is the remainder when c is divided by 10?
9
Suppose -o + 7 = -4. Calculate the remainder when 40 is divided by o.
7
Let p(a) = -3*a**3 + 2*a**2 - 4*a - 2. What is the remainder when p(-3) is divided by 28?
25
Let t(q) = -q**3 - 6*q**2 + 7*q + 2. Let w be t(-7). Suppose -4 = w*r, a - 5*r = -4*a + 210. What is the remainder when a is divided by 11?
7
Let b(u) = 7*u - 3. Calculate the remainder when 32 is divided by b(3).
14
Let c(v) = -v**3 + 6*v**2 + 8*v - 6. Let i be -3*((-39)/9 - -2). What is the remainder when 1 is divided by c(i)?
0
Suppose 4*h = -a + 245, 0*a - 56 = -h - 2*a. Suppose o = f - 0*o - 41, 2*f - h = -2*o. What is the remainder when f is divided by 13?
10
Let z(b) be the first derivative of -4*b - 10/3*b**3 - 1/4*b**4 + 3 - 5*b**2. Calculate the remainder when 14 is divided by z(-9).
4
Let y(i) = 2*i + 3. Let z be y(-2). Let w(d) = -2*d. Let v be w(z). What is the remainder when 34 is divided by 9 - (3/(-3) - v)?
10
Let r(t) = -t**2 - 3*t + 2. Let n be r(-5). Let m = -6 - n. Calculate the remainder when 5 is divided by m.
1
Let i = -25 - -41. Let j(x) be the first derivative of -29*x**4/4 - x**2/2 - 5. What is the remainder when j(-1) is divided by i?
14
Suppose 0 = c + 2*c - 18. What is the remainder when 10 is divided by c?
4
Suppose -3 = s, 0 = 2*a - 3*s - 0*s - 21. Calculate the remainder when 2/1 + 16 + -1 is divided by a.
5
Suppose 2*y + 0 + 4 = 0. Let m be (-4)/18 - y/9. Suppose m = -2*w - 4*g - 0*g + 36, -3*w - 5*g + 49 = 0. Calculate the remainder when 14 is divided by w.
6
Let u = -94 - -254. Suppose 488 = 4*b + u. What is the remainder when b is divided by 28?
26
Let t(d) = -d**3 + 9*d**2 - 6*d - 6. Let l be t(5). Let r = l - -68. Suppose y - 5*y + r = 0. What is the remainder when y is divided by 17?
16
Suppose -3*s = -6, s + 84 = 3*t + 4*s. Let y = 4 + -8. What is the remainder when (33 + 5)*y/(-2) is divided by t?
24
Let o be 1*17*(4 - 3). Let w = -7 + o. Calculate the remainder when ((-48)/w)/((-15)/100) is divided by 11.
10
Let s = 22 - 118. Let k = -64 - s. What is the remainder when k is divided by -2 + -2 + 17 + -2?
10
What is the remainder when 1 + -3 - 123/(-3) is divided by 6?
3
Let d = -12 + 3. What is the remainder when ((-2)/3)/(d/648) is divided by 17?
14
Let a(w) = 5*w - 2. What is the remainder when 23 is divided by a(3)?
10
Suppose q - 6*q + 1575 = 0. Suppose 2*v = -3*v + q. Let b = v + -44. Calculate the remainder when b is divided by 10.
9
Calculate the remainder when (-4)/(-2) + (36 - 3) is divided by 12.
11
Let d = -44 - -79. Calculate the remainder when 102 is divided by d.
32
Suppose -2*f + 120 = 3*f. Suppose -i - 2*a - a = -6, -3*a = 4*i - f. Calculate the remainder when 17 is divided by i.
5
Suppose -15 + 57 = 3*z. Calculate the remainder when ((-4 - -5)*-41)/(-1) is divided by z.
13
Let a(i) = i + 11. Let z = -44 - -73. Let m = z - 19. What is the remainder when a(m) is divided by 11?
10
Let k be ((-3)/12)/(1/4). Let t = k + 33. Suppose 3*u - 53 = 2*w, -2*u + 5*w - 14 = -53. Calculate the remainder when t is divided by u.
15
Let j(b) = -b**3 + 9*b**2 + 12*b - 11. What is the remainder when 42 is divided by j(10)?
6
Let c = -1 + 6. Suppose 10*q - 35 = c*q. Let v = q - 6. What is the remainder when v is divided by 1?
0
Let s(q) be the second derivative of 0 + 4*q**2 + 1/6*q**3 - q. What is the remainder when 2 is divided by s(-7)?
0
Let w = -4 - 0. Let k = 11 + w. Calculate the remainder when k is divided by 3.
1
Let o = 17 - 32. Let j = o + 22. What is the remainder when j is divided by 5?
2
Let i be (-15)/(-10)*(-4)/(-6). What is the remainder when 11 - (-3 + 1 + 1) is divided by (-21)/(-3) - -1 - i?
5
Let w = -11 + 24. Suppose -7 = -3*f + 8. Suppose 4*s = -f*q - s + 35, -5*q = -3*s - 19. What is the remainder when w